{"id":1381,"date":"2025-08-05T17:54:16","date_gmt":"2025-08-05T15:54:16","guid":{"rendered":"https:\/\/clea-b.com\/?page_id=1381"},"modified":"2025-08-05T17:56:21","modified_gmt":"2025-08-05T15:56:21","slug":"magazines","status":"publish","type":"page","link":"https:\/\/clea-b.com\/index.php\/magazines\/","title":{"rendered":"Magazines"},"content":{"rendered":"\t\t<div data-elementor-type=\"wp-page\" data-elementor-id=\"1381\" class=\"elementor elementor-1381\" data-elementor-post-type=\"page\">\n\t\t\t\t<div class=\"elementor-element elementor-element-7003e414 e-flex e-con-boxed e-con e-parent\" data-id=\"7003e414\" data-element_type=\"container\" data-e-type=\"container\">\n\t\t\t\t\t<div class=\"e-con-inner\">\n\t\t<div class=\"elementor-element elementor-element-1334c4a e-con-full e-flex e-con e-child\" data-id=\"1334c4a\" data-element_type=\"container\" data-e-type=\"container\" data-settings=\"{&quot;background_background&quot;:&quot;gradient&quot;}\">\n\t\t\t\t<div class=\"elementor-element elementor-element-1ae221e1 elementor-widget elementor-widget-heading\" data-id=\"1ae221e1\" data-element_type=\"widget\" data-e-type=\"widget\" data-widget_type=\"heading.default\">\n\t\t\t\t\t<h1 class=\"elementor-heading-title elementor-size-default\">Cr\u00e9ation graphique de magazine<\/h1>\t\t\t\t<\/div>\n\t\t\t\t<div class=\"elementor-element elementor-element-1d7b4c70 elementor-widget elementor-widget-text-editor\" data-id=\"1d7b4c70\" data-element_type=\"widget\" data-e-type=\"widget\" data-widget_type=\"text-editor.default\">\n\t\t\t\t\t\t\t\t\t<p>Cr\u00e9ation graphique des maquettes d&rsquo;un magazine saisonnier pour CLARINS Suisse pr\u00e9sentant les nouvelles gammes produits Clarins et diff\u00e9rentes routines beaut\u00e9s pour les clientes VIP des magasins Clarins Suisse.<\/p>\t\t\t\t\t\t\t\t<\/div>\n\t\t\t\t<div class=\"elementor-element elementor-element-7472028d elementor-widget elementor-widget-image\" data-id=\"7472028d\" data-element_type=\"widget\" data-e-type=\"widget\" data-widget_type=\"image.default\">\n\t\t\t\t\t\t\t\t\t\t\t\t\t\t\t<img fetchpriority=\"high\" decoding=\"async\" width=\"1200\" height=\"1136\" src=\"https:\/\/clea-b.com\/wp-content\/uploads\/2025\/08\/Magazine_Clarins_ETE_2021-1.jpg\" class=\"attachment-full size-full wp-image-1384\" alt=\"\" srcset=\"https:\/\/clea-b.com\/wp-content\/uploads\/2025\/08\/Magazine_Clarins_ETE_2021-1.jpg 1200w, https:\/\/clea-b.com\/wp-content\/uploads\/2025\/08\/Magazine_Clarins_ETE_2021-1-300x284.jpg 300w, https:\/\/clea-b.com\/wp-content\/uploads\/2025\/08\/Magazine_Clarins_ETE_2021-1-1024x969.jpg 1024w, https:\/\/clea-b.com\/wp-content\/uploads\/2025\/08\/Magazine_Clarins_ETE_2021-1-768x727.jpg 768w\" sizes=\"(max-width: 1200px) 100vw, 1200px\" \/>\t\t\t\t\t\t\t\t\t\t\t\t\t\t\t<\/div>\n\t\t\t\t<div class=\"elementor-element elementor-element-6cf40a0d elementor-widget elementor-widget-image\" data-id=\"6cf40a0d\" data-element_type=\"widget\" data-e-type=\"widget\" data-widget_type=\"image.default\">\n\t\t\t\t\t\t\t\t\t\t\t\t\t\t\t<img decoding=\"async\" width=\"1200\" height=\"1136\" src=\"https:\/\/clea-b.com\/wp-content\/uploads\/2025\/08\/Magazine_Clarins_Printemps_2022.jpg\" class=\"attachment-full size-full wp-image-1385\" alt=\"\" srcset=\"https:\/\/clea-b.com\/wp-content\/uploads\/2025\/08\/Magazine_Clarins_Printemps_2022.jpg 1200w, https:\/\/clea-b.com\/wp-content\/uploads\/2025\/08\/Magazine_Clarins_Printemps_2022-300x284.jpg 300w, https:\/\/clea-b.com\/wp-content\/uploads\/2025\/08\/Magazine_Clarins_Printemps_2022-1024x969.jpg 1024w, https:\/\/clea-b.com\/wp-content\/uploads\/2025\/08\/Magazine_Clarins_Printemps_2022-768x727.jpg 768w\" sizes=\"(max-width: 1200px) 100vw, 1200px\" \/>\t\t\t\t\t\t\t\t\t\t\t\t\t\t\t<\/div>\n\t\t\t\t<\/div>\n\t\t\t\t\t<\/div>\n\t\t\t\t<\/div>\n\t\t<footer class=\"elementor-element elementor-element-5ef2d5a3 e-con-full e-flex e-con e-parent\" data-id=\"5ef2d5a3\" data-element_type=\"container\" data-e-type=\"container\">\n\t\t<div class=\"elementor-element elementor-element-32423c68 e-con-full e-flex e-con e-child\" data-id=\"32423c68\" data-element_type=\"container\" data-e-type=\"container\">\n\t\t\t\t<div class=\"elementor-element elementor-element-13088c7e elementor-widget elementor-widget-image\" data-id=\"13088c7e\" data-element_type=\"widget\" data-e-type=\"widget\" data-widget_type=\"image.default\">\n\t\t\t\t\t\t\t\t\t\t\t\t\t\t\t<img decoding=\"async\" width=\"130\" height=\"46\" src=\"https:\/\/clea-b.com\/wp-content\/uploads\/2025\/07\/Logo-CleaB-small.png\" class=\"attachment-medium size-medium wp-image-789\" alt=\"\" \/>\t\t\t\t\t\t\t\t\t\t\t\t\t\t\t<\/div>\n\t\t\t\t<\/div>\n\t\t<div class=\"elementor-element elementor-element-37eb8b9 e-con-full e-flex e-con e-child\" data-id=\"37eb8b9\" data-element_type=\"container\" data-e-type=\"container\">\n\t\t\t\t<div class=\"elementor-element elementor-element-6f9db6c4 elementor-icon-list--layout-inline elementor-tablet-align-center elementor-align-center elementor-list-item-link-full_width elementor-widget elementor-widget-icon-list\" data-id=\"6f9db6c4\" data-element_type=\"widget\" data-e-type=\"widget\" data-widget_type=\"icon-list.default\">\n\t\t\t\t\t\t\t<ul class=\"elementor-icon-list-items elementor-inline-items\">\n\t\t\t\t\t\t\t<li class=\"elementor-icon-list-item elementor-inline-item\">\n\t\t\t\t\t\t\t\t\t\t<span class=\"elementor-icon-list-text\"><\/span>\n\t\t\t\t\t\t\t\t\t<\/li>\n\t\t\t\t\t\t\t\t<li class=\"elementor-icon-list-item elementor-inline-item\">\n\t\t\t\t\t\t\t\t\t\t<span class=\"elementor-icon-list-text\">\u00a9 2025 - Tous droits res\u00e9rv\u00e9s<\/span>\n\t\t\t\t\t\t\t\t\t<\/li>\n\t\t\t\t\t\t\t\t<li class=\"elementor-icon-list-item elementor-inline-item\">\n\t\t\t\t\t\t\t\t\t\t<span class=\"elementor-icon-list-text\"><\/span>\n\t\t\t\t\t\t\t\t\t<\/li>\n\t\t\t\t\t\t<\/ul>\n\t\t\t\t\t\t<\/div>\n\t\t\t\t<\/div>\n\t\t<div class=\"elementor-element elementor-element-234ed4a2 e-con-full e-flex e-con e-child\" data-id=\"234ed4a2\" data-element_type=\"container\" data-e-type=\"container\">\n\t\t\t\t<div class=\"elementor-element elementor-element-6db3929c e-grid-align-right e-grid-align-tablet-right e-grid-align-mobile-center elementor-widget-mobile__width-inherit elementor-shape-rounded elementor-grid-0 elementor-widget elementor-widget-social-icons\" data-id=\"6db3929c\" data-element_type=\"widget\" data-e-type=\"widget\" data-widget_type=\"social-icons.default\">\n\t\t\t\t\t\t\t<div class=\"elementor-social-icons-wrapper elementor-grid\">\n\t\t\t\t\t\t\t<span class=\"elementor-grid-item\">\n\t\t\t\t\t<a class=\"elementor-icon elementor-social-icon elementor-social-icon-linkedin elementor-repeater-item-828f132\" target=\"_blank\">\n\t\t\t\t\t\t<span class=\"elementor-screen-only\">Linkedin<\/span>\n\t\t\t\t\t\t<svg aria-hidden=\"true\" class=\"e-font-icon-svg e-fab-linkedin\" viewBox=\"0 0 448 512\" xmlns=\"http:\/\/www.w3.org\/2000\/svg\"><path d=\"M416 32H31.9C14.3 32 0 46.5 0 64.3v383.4C0 465.5 14.3 480 31.9 480H416c17.6 0 32-14.5 32-32.3V64.3c0-17.8-14.4-32.3-32-32.3zM135.4 416H69V202.2h66.5V416zm-33.2-243c-21.3 0-38.5-17.3-38.5-38.5S80.9 96 102.2 96c21.2 0 38.5 17.3 38.5 38.5 0 21.3-17.2 38.5-38.5 38.5zm282.1 243h-66.4V312c0-24.8-.5-56.7-34.5-56.7-34.6 0-39.9 27-39.9 54.9V416h-66.4V202.2h63.7v29.2h.9c8.9-16.8 30.6-34.5 62.9-34.5 67.2 0 79.7 44.3 79.7 101.9V416z\"><\/path><\/svg>\t\t\t\t\t<\/a>\n\t\t\t\t<\/span>\n\t\t\t\t\t<\/div>\n\t\t\t\t\t\t<\/div>\n\t\t\t\t<\/div>\n\t\t\t\t<\/footer>\n\t\t\t\t<\/div>\n\t\t","protected":false},"excerpt":{"rendered":"<p>Cr\u00e9ation graphique de magazine Cr\u00e9ation graphique des maquettes d&rsquo;un magazine saisonnier pour CLARINS Suisse pr\u00e9sentant les nouvelles gammes produits Clarins et diff\u00e9rentes routines beaut\u00e9s pour les clientes VIP des magasins Clarins Suisse. \u00a9 2025 &#8211; Tous droits res\u00e9rv\u00e9s Linkedin<\/p>\n","protected":false},"author":1,"featured_media":0,"parent":0,"menu_order":0,"comment_status":"closed","ping_status":"closed","template":"","meta":{"footnotes":""},"class_list":["post-1381","page","type-page","status-publish","hentry"],"_links":{"self":[{"href":"https:\/\/clea-b.com\/index.php\/wp-json\/wp\/v2\/pages\/1381","targetHints":{"allow":["GET"]}}],"collection":[{"href":"https:\/\/clea-b.com\/index.php\/wp-json\/wp\/v2\/pages"}],"about":[{"href":"https:\/\/clea-b.com\/index.php\/wp-json\/wp\/v2\/types\/page"}],"author":[{"embeddable":true,"href":"https:\/\/clea-b.com\/index.php\/wp-json\/wp\/v2\/users\/1"}],"replies":[{"embeddable":true,"href":"https:\/\/clea-b.com\/index.php\/wp-json\/wp\/v2\/comments?post=1381"}],"version-history":[{"count":5,"href":"https:\/\/clea-b.com\/index.php\/wp-json\/wp\/v2\/pages\/1381\/revisions"}],"predecessor-version":[{"id":1389,"href":"https:\/\/clea-b.com\/index.php\/wp-json\/wp\/v2\/pages\/1381\/revisions\/1389"}],"wp:attachment":[{"href":"https:\/\/clea-b.com\/index.php\/wp-json\/wp\/v2\/media?parent=1381"}],"curies":[{"name":"wp","href":"https:\/\/api.w.org\/{rel}","templated":true}]}}